{"id":45750,"date":"2026-08-03T17:38:51","date_gmt":"2026-08-03T22:38:51","guid":{"rendered":"https:\/\/mali.pe\/es\/?post_type=etn&#038;p=45750"},"modified":"2026-08-26T18:37:46","modified_gmt":"2026-08-26T23:37:46","slug":"miercoles-de-filmoteca-4","status":"publish","type":"etn","link":"https:\/\/mali.pe\/es\/etn\/miercoles-de-filmoteca-3\/miercoles-de-filmoteca-4\/","title":{"rendered":"Mi\u00e9rcoles de Filmoteca 26\/08"},"content":{"rendered":"<p>\u00a0<\/p>\n<p>Pel\u00edcula:\u00a0<i>Ra\u00edz<\/i>, 2024 (83 min)<\/p>\n<p>Direcci\u00f3n: Franco Garc\u00eda Becerra\u00a0<\/p>\n<p>Con una sensibilidad noble y una confianza absoluta en la mirada infantil, Franco Garc\u00eda Becerra convierte la historia de un ni\u00f1o campesino, y su v\u00ednculo con un peque\u00f1o reba\u00f1o de alpacas, en una reflexi\u00f3n sobre la identidad, la pertenencia, y la transformaci\u00f3n del mundo rural andino.\u00a0<i>Ra\u00edz<\/i>\u00a0encuentra, en los gestos cotidianos y en la relaci\u00f3n entre los personajes y el paisaje, una profunda dimensi\u00f3n emocional. La pel\u00edcula tuvo su estreno mundial en la secci\u00f3n Generation Kplus de la Berlinale 2024, donde obtuvo una Menci\u00f3n Especial del Jurado Internacional, iniciando un exitoso recorrido por festivales de Am\u00e9rica y Europa. La revista Screen Daily destac\u00f3 su \u201chumanismo sereno y aut\u00e9ntico\u201d, mientras que Variety elogi\u00f3 la naturalidad de sus interpretaciones y la belleza de su propuesta visual.\u00a0<i>Ra\u00edz<\/i>\u00a0confirma la aparici\u00f3n de una nueva generaci\u00f3n de cineastas peruanos interesados en representar la infancia desde la observaci\u00f3n y la empat\u00eda.<\/p>\n<div class=\"gsp_post_data\" data-post_type=\"etn\" data-cat=\"\" data-modified=\"120\" data-title=\"Mi\u00e9rcoles de Filmoteca 26\/08\" data-home=\"https:\/\/mali.pe\/es\"><\/div>","protected":false},"excerpt":{"rendered":"<p>\u00a0 Pel\u00edcula:\u00a0Ra\u00edz, 2024 (83 min) Direcci\u00f3n: Franco Garc\u00eda Becerra\u00a0 Con una sensibilidad noble y una confianza absoluta en la mirada infantil, Franco Garc\u00eda Becerra convierte la historia de un ni\u00f1o campesino, y su v\u00ednculo con un peque\u00f1o reba\u00f1o de alpacas,&#8230; <a class=\"direadmore\" href=\"https:\/\/mali.pe\/es\/etn\/miercoles-de-filmoteca-3\/miercoles-de-filmoteca-4\/\"> Continue Reading&#8230;<\/a><\/p>\n","protected":false},"author":203,"featured_media":0,"parent":45746,"template":"","etn_category":[],"etn_tags":[],"class_list":["post-45750","etn","type-etn","status-publish","hentry"],"acf":[],"yoast_head":"<!-- This site is optimized with the Yoast SEO plugin v25.4 - https:\/\/yoast.com\/wordpress\/plugins\/seo\/ -->\n<title>Mi\u00e9rcoles de Filmoteca 26\/08 | MALI - Museo de Arte de Lima<\/title>\n<meta name=\"robots\" content=\"index, follow, max-snippet:-1, max-image-preview:large, max-video-preview:-1\" \/>\n<link rel=\"canonical\" href=\"https:\/\/mali.pe\/es\/etn\/miercoles-de-filmoteca-3\/miercoles-de-filmoteca-4\/\" \/>\n<meta property=\"og:locale\" content=\"es_ES\" \/>\n<meta property=\"og:type\" content=\"article\" \/>\n<meta property=\"og:title\" content=\"Mi\u00e9rcoles de Filmoteca 26\/08 | MALI - Museo de Arte de Lima\" \/>\n<meta property=\"og:description\" content=\"\u00a0 Pel\u00edcula:\u00a0Ra\u00edz, 2024 (83 min) Direcci\u00f3n: Franco Garc\u00eda Becerra\u00a0 Con una sensibilidad noble y una confianza absoluta en la mirada infantil, Franco Garc\u00eda Becerra convierte la historia de un ni\u00f1o campesino, y su v\u00ednculo con un peque\u00f1o reba\u00f1o de alpacas,... Continue Reading&#8230;\" \/>\n<meta property=\"og:url\" content=\"https:\/\/mali.pe\/es\/etn\/miercoles-de-filmoteca-3\/miercoles-de-filmoteca-4\/\" \/>\n<meta property=\"og:site_name\" content=\"MALI - Museo de Arte de Lima\" \/>\n<meta property=\"article:publisher\" content=\"http:\/\/www.facebook.com\/museodeartedelima\" \/>\n<meta property=\"article:modified_time\" content=\"2026-08-26T23:37:46+00:00\" \/>\n<meta property=\"og:image\" content=\"https:\/\/mali.pe\/es\/wp-content\/uploads\/2021\/10\/logo-mali-2021-4.png\" \/>\n\t<meta property=\"og:image:width\" content=\"340\" \/>\n\t<meta property=\"og:image:height\" content=\"219\" \/>\n\t<meta property=\"og:image:type\" content=\"image\/png\" \/>\n<meta name=\"twitter:card\" content=\"summary_large_image\" \/>\n<meta name=\"twitter:site\" content=\"@museodeartelima\" \/>\n<meta name=\"twitter:label1\" content=\"Tiempo de lectura\" \/>\n\t<meta name=\"twitter:data1\" content=\"1 minuto\" \/>\n<script type=\"application\/ld+json\" class=\"yoast-schema-graph\">{\"@context\":\"https:\/\/schema.org\",\"@graph\":[{\"@type\":\"WebPage\",\"@id\":\"https:\/\/mali.pe\/es\/etn\/miercoles-de-filmoteca-3\/miercoles-de-filmoteca-4\/\",\"url\":\"https:\/\/mali.pe\/es\/etn\/miercoles-de-filmoteca-3\/miercoles-de-filmoteca-4\/\",\"name\":\"Mi\u00e9rcoles de Filmoteca 26\/08 | MALI - Museo de Arte de Lima\",\"isPartOf\":{\"@id\":\"https:\/\/mali.pe\/es\/#website\"},\"datePublished\":\"2026-08-03T22:38:51+00:00\",\"dateModified\":\"2026-08-26T23:37:46+00:00\",\"breadcrumb\":{\"@id\":\"https:\/\/mali.pe\/es\/etn\/miercoles-de-filmoteca-3\/miercoles-de-filmoteca-4\/#breadcrumb\"},\"inLanguage\":\"es\",\"potentialAction\":[{\"@type\":\"ReadAction\",\"target\":[\"https:\/\/mali.pe\/es\/etn\/miercoles-de-filmoteca-3\/miercoles-de-filmoteca-4\/\"]}]},{\"@type\":\"BreadcrumbList\",\"@id\":\"https:\/\/mali.pe\/es\/etn\/miercoles-de-filmoteca-3\/miercoles-de-filmoteca-4\/#breadcrumb\",\"itemListElement\":[{\"@type\":\"ListItem\",\"position\":1,\"name\":\"Portada\",\"item\":\"https:\/\/mali.pe\/es\/\"},{\"@type\":\"ListItem\",\"position\":2,\"name\":\"Events\",\"item\":\"https:\/\/mali.pe\/es\/etn\/\"},{\"@type\":\"ListItem\",\"position\":3,\"name\":\"Mi\u00e9rcoles de Filmoteca\",\"item\":\"https:\/\/mali.pe\/es\/etn\/miercoles-de-filmoteca-3\/\"},{\"@type\":\"ListItem\",\"position\":4,\"name\":\"Mi\u00e9rcoles de Filmoteca 26\/08\"}]},{\"@type\":\"WebSite\",\"@id\":\"https:\/\/mali.pe\/es\/#website\",\"url\":\"https:\/\/mali.pe\/es\/\",\"name\":\"MALI - Museo de Arte de Lima\",\"description\":\"Museo de Arte de Lima\",\"publisher\":{\"@id\":\"https:\/\/mali.pe\/es\/#organization\"},\"potentialAction\":[{\"@type\":\"SearchAction\",\"target\":{\"@type\":\"EntryPoint\",\"urlTemplate\":\"https:\/\/mali.pe\/es\/?s={search_term_string}\"},\"query-input\":{\"@type\":\"PropertyValueSpecification\",\"valueRequired\":true,\"valueName\":\"search_term_string\"}}],\"inLanguage\":\"es\"},{\"@type\":\"Organization\",\"@id\":\"https:\/\/mali.pe\/es\/#organization\",\"name\":\"MALI - Museo de Arte de Lima\",\"url\":\"https:\/\/mali.pe\/es\/\",\"logo\":{\"@type\":\"ImageObject\",\"inLanguage\":\"es\",\"@id\":\"https:\/\/mali.pe\/es\/#\/schema\/logo\/image\/\",\"url\":\"https:\/\/mali.pe\/es\/wp-content\/uploads\/2025\/06\/MALI_Institucional_blanco_Web_566x365.png\",\"contentUrl\":\"https:\/\/mali.pe\/es\/wp-content\/uploads\/2025\/06\/MALI_Institucional_blanco_Web_566x365.png\",\"width\":566,\"height\":365,\"caption\":\"MALI - Museo de Arte de Lima\"},\"image\":{\"@id\":\"https:\/\/mali.pe\/es\/#\/schema\/logo\/image\/\"},\"sameAs\":[\"http:\/\/www.facebook.com\/museodeartedelima\",\"https:\/\/x.com\/museodeartelima\",\"https:\/\/www.youtube.com\/user\/museodeartelima\",\"https:\/\/instagram.com\/museodeartelima\/\"]}]}<\/script>\n<!-- \/ Yoast SEO plugin. -->","yoast_head_json":{"title":"Mi\u00e9rcoles de Filmoteca 26\/08 | MALI - Museo de Arte de Lima","robots":{"index":"index","follow":"follow","max-snippet":"max-snippet:-1","max-image-preview":"max-image-preview:large","max-video-preview":"max-video-preview:-1"},"canonical":"https:\/\/mali.pe\/es\/etn\/miercoles-de-filmoteca-3\/miercoles-de-filmoteca-4\/","og_locale":"es_ES","og_type":"article","og_title":"Mi\u00e9rcoles de Filmoteca 26\/08 | MALI - Museo de Arte de Lima","og_description":"\u00a0 Pel\u00edcula:\u00a0Ra\u00edz, 2024 (83 min) Direcci\u00f3n: Franco Garc\u00eda Becerra\u00a0 Con una sensibilidad noble y una confianza absoluta en la mirada infantil, Franco Garc\u00eda Becerra convierte la historia de un ni\u00f1o campesino, y su v\u00ednculo con un peque\u00f1o reba\u00f1o de alpacas,... Continue Reading&#8230;","og_url":"https:\/\/mali.pe\/es\/etn\/miercoles-de-filmoteca-3\/miercoles-de-filmoteca-4\/","og_site_name":"MALI - Museo de Arte de Lima","article_publisher":"http:\/\/www.facebook.com\/museodeartedelima","article_modified_time":"2026-08-26T23:37:46+00:00","og_image":[{"width":340,"height":219,"url":"https:\/\/mali.pe\/es\/wp-content\/uploads\/2021\/10\/logo-mali-2021-4.png","type":"image\/png"}],"twitter_card":"summary_large_image","twitter_site":"@museodeartelima","twitter_misc":{"Tiempo de lectura":"1 minuto"},"schema":{"@context":"https:\/\/schema.org","@graph":[{"@type":"WebPage","@id":"https:\/\/mali.pe\/es\/etn\/miercoles-de-filmoteca-3\/miercoles-de-filmoteca-4\/","url":"https:\/\/mali.pe\/es\/etn\/miercoles-de-filmoteca-3\/miercoles-de-filmoteca-4\/","name":"Mi\u00e9rcoles de Filmoteca 26\/08 | MALI - Museo de Arte de Lima","isPartOf":{"@id":"https:\/\/mali.pe\/es\/#website"},"datePublished":"2026-08-03T22:38:51+00:00","dateModified":"2026-08-26T23:37:46+00:00","breadcrumb":{"@id":"https:\/\/mali.pe\/es\/etn\/miercoles-de-filmoteca-3\/miercoles-de-filmoteca-4\/#breadcrumb"},"inLanguage":"es","potentialAction":[{"@type":"ReadAction","target":["https:\/\/mali.pe\/es\/etn\/miercoles-de-filmoteca-3\/miercoles-de-filmoteca-4\/"]}]},{"@type":"BreadcrumbList","@id":"https:\/\/mali.pe\/es\/etn\/miercoles-de-filmoteca-3\/miercoles-de-filmoteca-4\/#breadcrumb","itemListElement":[{"@type":"ListItem","position":1,"name":"Portada","item":"https:\/\/mali.pe\/es\/"},{"@type":"ListItem","position":2,"name":"Events","item":"https:\/\/mali.pe\/es\/etn\/"},{"@type":"ListItem","position":3,"name":"Mi\u00e9rcoles de Filmoteca","item":"https:\/\/mali.pe\/es\/etn\/miercoles-de-filmoteca-3\/"},{"@type":"ListItem","position":4,"name":"Mi\u00e9rcoles de Filmoteca 26\/08"}]},{"@type":"WebSite","@id":"https:\/\/mali.pe\/es\/#website","url":"https:\/\/mali.pe\/es\/","name":"MALI - Museo de Arte de Lima","description":"Museo de Arte de Lima","publisher":{"@id":"https:\/\/mali.pe\/es\/#organization"},"potentialAction":[{"@type":"SearchAction","target":{"@type":"EntryPoint","urlTemplate":"https:\/\/mali.pe\/es\/?s={search_term_string}"},"query-input":{"@type":"PropertyValueSpecification","valueRequired":true,"valueName":"search_term_string"}}],"inLanguage":"es"},{"@type":"Organization","@id":"https:\/\/mali.pe\/es\/#organization","name":"MALI - Museo de Arte de Lima","url":"https:\/\/mali.pe\/es\/","logo":{"@type":"ImageObject","inLanguage":"es","@id":"https:\/\/mali.pe\/es\/#\/schema\/logo\/image\/","url":"https:\/\/mali.pe\/es\/wp-content\/uploads\/2025\/06\/MALI_Institucional_blanco_Web_566x365.png","contentUrl":"https:\/\/mali.pe\/es\/wp-content\/uploads\/2025\/06\/MALI_Institucional_blanco_Web_566x365.png","width":566,"height":365,"caption":"MALI - Museo de Arte de Lima"},"image":{"@id":"https:\/\/mali.pe\/es\/#\/schema\/logo\/image\/"},"sameAs":["http:\/\/www.facebook.com\/museodeartedelima","https:\/\/x.com\/museodeartelima","https:\/\/www.youtube.com\/user\/museodeartelima","https:\/\/instagram.com\/museodeartelima\/"]}]}},"_links":{"self":[{"href":"https:\/\/mali.pe\/es\/wp-json\/wp\/v2\/etn\/45750","targetHints":{"allow":["GET"]}}],"collection":[{"href":"https:\/\/mali.pe\/es\/wp-json\/wp\/v2\/etn"}],"about":[{"href":"https:\/\/mali.pe\/es\/wp-json\/wp\/v2\/types\/etn"}],"author":[{"embeddable":true,"href":"https:\/\/mali.pe\/es\/wp-json\/wp\/v2\/users\/203"}],"up":[{"embeddable":true,"href":"https:\/\/mali.pe\/es\/wp-json\/wp\/v2\/etn\/45746"}],"wp:attachment":[{"href":"https:\/\/mali.pe\/es\/wp-json\/wp\/v2\/media?parent=45750"}],"wp:term":[{"taxonomy":"etn_category","embeddable":true,"href":"https:\/\/mali.pe\/es\/wp-json\/wp\/v2\/etn_category?post=45750"},{"taxonomy":"etn_tags","embeddable":true,"href":"https:\/\/mali.pe\/es\/wp-json\/wp\/v2\/etn_tags?post=45750"}],"curies":[{"name":"wp","href":"https:\/\/api.w.org\/{rel}","templated":true}]}}

Miércoles de Filmoteca 26/08

<p> </p>
<p>Película: <i>Raíz</i>, 2024 (83 min)</p>
<p>Dirección: Franco García Becerra </p>
<p>Con una sensibilidad noble y una confianza absoluta en la mirada infantil, Franco García Becerra convierte la historia de un niño campesino, y su vínculo con un pequeño rebaño de alpacas, en una reflexión sobre la identidad, la pertenencia, y la transformación del mundo rural andino. <i>Raíz</i> encuentra, en los gestos cotidianos y en la relación entre los personajes y el paisaje, una profunda dimensión emocional. La película tuvo su estreno mundial en la sección Generation Kplus de la Berlinale 2024, donde obtuvo una Mención Especial del Jurado Internacional, iniciando un exitoso recorrido por festivales de América y Europa. La revista Screen Daily destacó su “humanismo sereno y auténtico”, mientras que Variety elogió la naturalidad de sus interpretaciones y la belleza de su propuesta visual. <i>Raíz</i> confirma la aparición de una nueva generación de cineastas peruanos interesados en representar la infancia desde la observación y la empatía.</p>
<div class="gsp_post_data" data-post_type="etn" data-cat="" data-modified="120" data-title="Miércoles de Filmoteca 26/08" data-home="https://mali.pe/es"></div>

<p>  Película: Raíz, 2024 (83 min) Dirección: Franco García Becerra  Con una sensibilidad noble y una confianza absoluta en la mirada infantil, Franco García Becerra convierte la historia de un niño campesino, y su vínculo con un pequeño rebaño de alpacas,&#8230; <a class="direadmore" href="https://mali.pe/es/etn/miercoles-de-filmoteca-3/miercoles-de-filmoteca-4/"> Continue Reading&#8230;</a></p>

<!-- This site is optimized with the Yoast SEO plugin v25.4 - https://yoast.com/wordpress/plugins/seo/ -->
<title>Miércoles de Filmoteca 26/08 | MALI - Museo de Arte de Lima</title>
<meta name="robots" content="index, follow, max-snippet:-1, max-image-preview:large, max-video-preview:-1" />
<link rel="canonical" href="https://mali.pe/es/etn/miercoles-de-filmoteca-3/miercoles-de-filmoteca-4/" />
<meta property="og:locale" content="es_ES" />
<meta property="og:type" content="article" />
<meta property="og:title" content="Miércoles de Filmoteca 26/08 | MALI - Museo de Arte de Lima" />
<meta property="og:description" content="  Película: Raíz, 2024 (83 min) Dirección: Franco García Becerra  Con una sensibilidad noble y una confianza absoluta en la mirada infantil, Franco García Becerra convierte la historia de un niño campesino, y su vínculo con un pequeño rebaño de alpacas,... Continue Reading&#8230;" />
<meta property="og:url" content="https://mali.pe/es/etn/miercoles-de-filmoteca-3/miercoles-de-filmoteca-4/" />
<meta property="og:site_name" content="MALI - Museo de Arte de Lima" />
<meta property="article:publisher" content="http://www.facebook.com/museodeartedelima" />
<meta property="article:modified_time" content="2026-08-26T23:37:46+00:00" />
<meta property="og:image" content="https://mali.pe/es/wp-content/uploads/2021/10/logo-mali-2021-4.png" />
	<meta property="og:image:width" content="340" />
	<meta property="og:image:height" content="219" />
	<meta property="og:image:type" content="image/png" />
<meta name="twitter:card" content="summary_large_image" />
<meta name="twitter:site" content="@museodeartelima" />
<meta name="twitter:label1" content="Tiempo de lectura" />
	<meta name="twitter:data1" content="1 minuto" />
<script type="application/ld+json" class="yoast-schema-graph">{"@context":"https://schema.org","@graph":[{"@type":"WebPage","@id":"https://mali.pe/es/etn/miercoles-de-filmoteca-3/miercoles-de-filmoteca-4/","url":"https://mali.pe/es/etn/miercoles-de-filmoteca-3/miercoles-de-filmoteca-4/","name":"Miércoles de Filmoteca 26/08 | MALI - Museo de Arte de Lima","isPartOf":{"@id":"https://mali.pe/es/#website"},"datePublished":"2026-08-03T22:38:51+00:00","dateModified":"2026-08-26T23:37:46+00:00","breadcrumb":{"@id":"https://mali.pe/es/etn/miercoles-de-filmoteca-3/miercoles-de-filmoteca-4/#breadcrumb"},"inLanguage":"es","potentialAction":[{"@type":"ReadAction","target":["https://mali.pe/es/etn/miercoles-de-filmoteca-3/miercoles-de-filmoteca-4/"]}]},{"@type":"BreadcrumbList","@id":"https://mali.pe/es/etn/miercoles-de-filmoteca-3/miercoles-de-filmoteca-4/#breadcrumb","itemListElement":[{"@type":"ListItem","position":1,"name":"Portada","item":"https://mali.pe/es/"},{"@type":"ListItem","position":2,"name":"Events","item":"https://mali.pe/es/etn/"},{"@type":"ListItem","position":3,"name":"Miércoles de Filmoteca","item":"https://mali.pe/es/etn/miercoles-de-filmoteca-3/"},{"@type":"ListItem","position":4,"name":"Miércoles de Filmoteca 26/08"}]},{"@type":"WebSite","@id":"https://mali.pe/es/#website","url":"https://mali.pe/es/","name":"MALI - Museo de Arte de Lima","description":"Museo de Arte de Lima","publisher":{"@id":"https://mali.pe/es/#organization"},"potentialAction":[{"@type":"SearchAction","target":{"@type":"EntryPoint","urlTemplate":"https://mali.pe/es/?s={search_term_string}"},"query-input":{"@type":"PropertyValueSpecification","valueRequired":true,"valueName":"search_term_string"}}],"inLanguage":"es"},{"@type":"Organization","@id":"https://mali.pe/es/#organization","name":"MALI - Museo de Arte de Lima","url":"https://mali.pe/es/","logo":{"@type":"ImageObject","inLanguage":"es","@id":"https://mali.pe/es/#/schema/logo/image/","url":"https://mali.pe/es/wp-content/uploads/2025/06/MALI_Institucional_blanco_Web_566x365.png","contentUrl":"https://mali.pe/es/wp-content/uploads/2025/06/MALI_Institucional_blanco_Web_566x365.png","width":566,"height":365,"caption":"MALI - Museo de Arte de Lima"},"image":{"@id":"https://mali.pe/es/#/schema/logo/image/"},"sameAs":["http://www.facebook.com/museodeartedelima","https://x.com/museodeartelima","https://www.youtube.com/user/museodeartelima","https://instagram.com/museodeartelima/"]}]}</script>
<!-- / Yoast SEO plugin. -->

Miércoles de Filmoteca 26/08 | MALI - Museo de Arte de Lima

Película: Raíz, 2024 (83 min) Dirección: Franco García Becerra  Con una sensibilidad noble y una confianza absoluta en la mirada infantil, Franco García Becerra convierte la historia de un niño campesino, y su vínculo con un pequeño rebaño de alpacas,... Continue Reading&#8230;

Miércoles de Filmoteca
