{"id":45749,"date":"2026-08-03T17:38:51","date_gmt":"2026-08-03T22:38:51","guid":{"rendered":"https:\/\/mali.pe\/es\/?post_type=etn&#038;p=45749"},"modified":"2026-08-20T12:18:41","modified_gmt":"2026-08-20T17:18:41","slug":"miercoles-de-filmoteca-5","status":"publish","type":"etn","link":"https:\/\/mali.pe\/es\/etn\/miercoles-de-filmoteca-3\/miercoles-de-filmoteca-5\/","title":{"rendered":"Mi\u00e9rcoles de Filmoteca 19\/08"},"content":{"rendered":"<p>Pel\u00edcula:\u00a0<i>Un mundo para Julius<\/i>, 2021 (104 min)<\/p>\n<p>Direcci\u00f3n: Rossana D\u00edaz Costa<\/p>\n<p>La adaptaci\u00f3n que Rossana D\u00edaz Costa realiz\u00f3, de la c\u00e9lebre novela de Alfredo Bryce Echenique, traslada al lenguaje cinematogr\u00e1fico, con admiraci\u00f3n y respeto, una de las miradas infantiles m\u00e1s memorables de la literatura peruana. Desde los ojos de Julius, ni\u00f1o que crece en el privilegio sin comprender del todo las profundas desigualdades que lo rodean, la pel\u00edcula construye un retrato \u00edntimo del Per\u00fa de los a\u00f1os cincuenta y sesenta: la inocencia se convierte en una forma de cuestionar el orden social. Estrenada, mundialmente, en el Festival Internacional de Cine de San Diego, y reconocida en diversos cert\u00e1menes internacionales, la obra fue elogiada por su atenta reconstrucci\u00f3n de \u00e9poca, y la sobriedad de su puesta en escena. El cr\u00edtico mexicano Ernesto Diez Mart\u00ednez la describi\u00f3 como \u201cuna adaptaci\u00f3n inteligente y emotiva que conserva el esp\u00edritu de la novela sin renunciar a una voz cinematogr\u00e1fica propia\u201d.<\/p>\n<div class=\"gsp_post_data\" data-post_type=\"etn\" data-cat=\"\" data-modified=\"120\" data-title=\"Mi\u00e9rcoles de Filmoteca 19\/08\" data-home=\"https:\/\/mali.pe\/es\"><\/div>","protected":false},"excerpt":{"rendered":"<p>Pel\u00edcula:\u00a0Un mundo para Julius, 2021 (104 min) Direcci\u00f3n: Rossana D\u00edaz Costa La adaptaci\u00f3n que Rossana D\u00edaz Costa realiz\u00f3, de la c\u00e9lebre novela de Alfredo Bryce Echenique, traslada al lenguaje cinematogr\u00e1fico, con admiraci\u00f3n y respeto, una de las miradas infantiles m\u00e1s&#8230; <a class=\"direadmore\" href=\"https:\/\/mali.pe\/es\/etn\/miercoles-de-filmoteca-3\/miercoles-de-filmoteca-5\/\"> Continue Reading&#8230;<\/a><\/p>\n","protected":false},"author":203,"featured_media":0,"parent":45746,"template":"","etn_category":[],"etn_tags":[],"class_list":["post-45749","etn","type-etn","status-publish","hentry"],"acf":[],"yoast_head":"<!-- This site is optimized with the Yoast SEO plugin v25.4 - https:\/\/yoast.com\/wordpress\/plugins\/seo\/ -->\n<title>Mi\u00e9rcoles de Filmoteca 19\/08 | MALI - Museo de Arte de Lima<\/title>\n<meta name=\"robots\" content=\"index, follow, max-snippet:-1, max-image-preview:large, max-video-preview:-1\" \/>\n<link rel=\"canonical\" href=\"https:\/\/mali.pe\/es\/etn\/miercoles-de-filmoteca-3\/miercoles-de-filmoteca-5\/\" \/>\n<meta property=\"og:locale\" content=\"es_ES\" \/>\n<meta property=\"og:type\" content=\"article\" \/>\n<meta property=\"og:title\" content=\"Mi\u00e9rcoles de Filmoteca 19\/08 | MALI - Museo de Arte de Lima\" \/>\n<meta property=\"og:description\" content=\"Pel\u00edcula:\u00a0Un mundo para Julius, 2021 (104 min) Direcci\u00f3n: Rossana D\u00edaz Costa La adaptaci\u00f3n que Rossana D\u00edaz Costa realiz\u00f3, de la c\u00e9lebre novela de Alfredo Bryce Echenique, traslada al lenguaje cinematogr\u00e1fico, con admiraci\u00f3n y respeto, una de las miradas infantiles m\u00e1s... Continue Reading&#8230;\" \/>\n<meta property=\"og:url\" content=\"https:\/\/mali.pe\/es\/etn\/miercoles-de-filmoteca-3\/miercoles-de-filmoteca-5\/\" \/>\n<meta property=\"og:site_name\" content=\"MALI - Museo de Arte de Lima\" \/>\n<meta property=\"article:publisher\" content=\"http:\/\/www.facebook.com\/museodeartedelima\" \/>\n<meta property=\"article:modified_time\" content=\"2026-08-20T17:18:41+00:00\" \/>\n<meta property=\"og:image\" content=\"https:\/\/mali.pe\/es\/wp-content\/uploads\/2021\/10\/logo-mali-2021-4.png\" \/>\n\t<meta property=\"og:image:width\" content=\"340\" \/>\n\t<meta property=\"og:image:height\" content=\"219\" \/>\n\t<meta property=\"og:image:type\" content=\"image\/png\" \/>\n<meta name=\"twitter:card\" content=\"summary_large_image\" \/>\n<meta name=\"twitter:site\" content=\"@museodeartelima\" \/>\n<meta name=\"twitter:label1\" content=\"Tiempo de lectura\" \/>\n\t<meta name=\"twitter:data1\" content=\"1 minuto\" \/>\n<script type=\"application\/ld+json\" class=\"yoast-schema-graph\">{\"@context\":\"https:\/\/schema.org\",\"@graph\":[{\"@type\":\"WebPage\",\"@id\":\"https:\/\/mali.pe\/es\/etn\/miercoles-de-filmoteca-3\/miercoles-de-filmoteca-5\/\",\"url\":\"https:\/\/mali.pe\/es\/etn\/miercoles-de-filmoteca-3\/miercoles-de-filmoteca-5\/\",\"name\":\"Mi\u00e9rcoles de Filmoteca 19\/08 | MALI - Museo de Arte de Lima\",\"isPartOf\":{\"@id\":\"https:\/\/mali.pe\/es\/#website\"},\"datePublished\":\"2026-08-03T22:38:51+00:00\",\"dateModified\":\"2026-08-20T17:18:41+00:00\",\"breadcrumb\":{\"@id\":\"https:\/\/mali.pe\/es\/etn\/miercoles-de-filmoteca-3\/miercoles-de-filmoteca-5\/#breadcrumb\"},\"inLanguage\":\"es\",\"potentialAction\":[{\"@type\":\"ReadAction\",\"target\":[\"https:\/\/mali.pe\/es\/etn\/miercoles-de-filmoteca-3\/miercoles-de-filmoteca-5\/\"]}]},{\"@type\":\"BreadcrumbList\",\"@id\":\"https:\/\/mali.pe\/es\/etn\/miercoles-de-filmoteca-3\/miercoles-de-filmoteca-5\/#breadcrumb\",\"itemListElement\":[{\"@type\":\"ListItem\",\"position\":1,\"name\":\"Portada\",\"item\":\"https:\/\/mali.pe\/es\/\"},{\"@type\":\"ListItem\",\"position\":2,\"name\":\"Events\",\"item\":\"https:\/\/mali.pe\/es\/etn\/\"},{\"@type\":\"ListItem\",\"position\":3,\"name\":\"Mi\u00e9rcoles de Filmoteca\",\"item\":\"https:\/\/mali.pe\/es\/etn\/miercoles-de-filmoteca-3\/\"},{\"@type\":\"ListItem\",\"position\":4,\"name\":\"Mi\u00e9rcoles de Filmoteca 19\/08\"}]},{\"@type\":\"WebSite\",\"@id\":\"https:\/\/mali.pe\/es\/#website\",\"url\":\"https:\/\/mali.pe\/es\/\",\"name\":\"MALI - Museo de Arte de Lima\",\"description\":\"Museo de Arte de Lima\",\"publisher\":{\"@id\":\"https:\/\/mali.pe\/es\/#organization\"},\"potentialAction\":[{\"@type\":\"SearchAction\",\"target\":{\"@type\":\"EntryPoint\",\"urlTemplate\":\"https:\/\/mali.pe\/es\/?s={search_term_string}\"},\"query-input\":{\"@type\":\"PropertyValueSpecification\",\"valueRequired\":true,\"valueName\":\"search_term_string\"}}],\"inLanguage\":\"es\"},{\"@type\":\"Organization\",\"@id\":\"https:\/\/mali.pe\/es\/#organization\",\"name\":\"MALI - Museo de Arte de Lima\",\"url\":\"https:\/\/mali.pe\/es\/\",\"logo\":{\"@type\":\"ImageObject\",\"inLanguage\":\"es\",\"@id\":\"https:\/\/mali.pe\/es\/#\/schema\/logo\/image\/\",\"url\":\"https:\/\/mali.pe\/es\/wp-content\/uploads\/2025\/06\/MALI_Institucional_blanco_Web_566x365.png\",\"contentUrl\":\"https:\/\/mali.pe\/es\/wp-content\/uploads\/2025\/06\/MALI_Institucional_blanco_Web_566x365.png\",\"width\":566,\"height\":365,\"caption\":\"MALI - Museo de Arte de Lima\"},\"image\":{\"@id\":\"https:\/\/mali.pe\/es\/#\/schema\/logo\/image\/\"},\"sameAs\":[\"http:\/\/www.facebook.com\/museodeartedelima\",\"https:\/\/x.com\/museodeartelima\",\"https:\/\/www.youtube.com\/user\/museodeartelima\",\"https:\/\/instagram.com\/museodeartelima\/\"]}]}<\/script>\n<!-- \/ Yoast SEO plugin. -->","yoast_head_json":{"title":"Mi\u00e9rcoles de Filmoteca 19\/08 | MALI - Museo de Arte de Lima","robots":{"index":"index","follow":"follow","max-snippet":"max-snippet:-1","max-image-preview":"max-image-preview:large","max-video-preview":"max-video-preview:-1"},"canonical":"https:\/\/mali.pe\/es\/etn\/miercoles-de-filmoteca-3\/miercoles-de-filmoteca-5\/","og_locale":"es_ES","og_type":"article","og_title":"Mi\u00e9rcoles de Filmoteca 19\/08 | MALI - Museo de Arte de Lima","og_description":"Pel\u00edcula:\u00a0Un mundo para Julius, 2021 (104 min) Direcci\u00f3n: Rossana D\u00edaz Costa La adaptaci\u00f3n que Rossana D\u00edaz Costa realiz\u00f3, de la c\u00e9lebre novela de Alfredo Bryce Echenique, traslada al lenguaje cinematogr\u00e1fico, con admiraci\u00f3n y respeto, una de las miradas infantiles m\u00e1s... Continue Reading&#8230;","og_url":"https:\/\/mali.pe\/es\/etn\/miercoles-de-filmoteca-3\/miercoles-de-filmoteca-5\/","og_site_name":"MALI - Museo de Arte de Lima","article_publisher":"http:\/\/www.facebook.com\/museodeartedelima","article_modified_time":"2026-08-20T17:18:41+00:00","og_image":[{"width":340,"height":219,"url":"https:\/\/mali.pe\/es\/wp-content\/uploads\/2021\/10\/logo-mali-2021-4.png","type":"image\/png"}],"twitter_card":"summary_large_image","twitter_site":"@museodeartelima","twitter_misc":{"Tiempo de lectura":"1 minuto"},"schema":{"@context":"https:\/\/schema.org","@graph":[{"@type":"WebPage","@id":"https:\/\/mali.pe\/es\/etn\/miercoles-de-filmoteca-3\/miercoles-de-filmoteca-5\/","url":"https:\/\/mali.pe\/es\/etn\/miercoles-de-filmoteca-3\/miercoles-de-filmoteca-5\/","name":"Mi\u00e9rcoles de Filmoteca 19\/08 | MALI - Museo de Arte de Lima","isPartOf":{"@id":"https:\/\/mali.pe\/es\/#website"},"datePublished":"2026-08-03T22:38:51+00:00","dateModified":"2026-08-20T17:18:41+00:00","breadcrumb":{"@id":"https:\/\/mali.pe\/es\/etn\/miercoles-de-filmoteca-3\/miercoles-de-filmoteca-5\/#breadcrumb"},"inLanguage":"es","potentialAction":[{"@type":"ReadAction","target":["https:\/\/mali.pe\/es\/etn\/miercoles-de-filmoteca-3\/miercoles-de-filmoteca-5\/"]}]},{"@type":"BreadcrumbList","@id":"https:\/\/mali.pe\/es\/etn\/miercoles-de-filmoteca-3\/miercoles-de-filmoteca-5\/#breadcrumb","itemListElement":[{"@type":"ListItem","position":1,"name":"Portada","item":"https:\/\/mali.pe\/es\/"},{"@type":"ListItem","position":2,"name":"Events","item":"https:\/\/mali.pe\/es\/etn\/"},{"@type":"ListItem","position":3,"name":"Mi\u00e9rcoles de Filmoteca","item":"https:\/\/mali.pe\/es\/etn\/miercoles-de-filmoteca-3\/"},{"@type":"ListItem","position":4,"name":"Mi\u00e9rcoles de Filmoteca 19\/08"}]},{"@type":"WebSite","@id":"https:\/\/mali.pe\/es\/#website","url":"https:\/\/mali.pe\/es\/","name":"MALI - Museo de Arte de Lima","description":"Museo de Arte de Lima","publisher":{"@id":"https:\/\/mali.pe\/es\/#organization"},"potentialAction":[{"@type":"SearchAction","target":{"@type":"EntryPoint","urlTemplate":"https:\/\/mali.pe\/es\/?s={search_term_string}"},"query-input":{"@type":"PropertyValueSpecification","valueRequired":true,"valueName":"search_term_string"}}],"inLanguage":"es"},{"@type":"Organization","@id":"https:\/\/mali.pe\/es\/#organization","name":"MALI - Museo de Arte de Lima","url":"https:\/\/mali.pe\/es\/","logo":{"@type":"ImageObject","inLanguage":"es","@id":"https:\/\/mali.pe\/es\/#\/schema\/logo\/image\/","url":"https:\/\/mali.pe\/es\/wp-content\/uploads\/2025\/06\/MALI_Institucional_blanco_Web_566x365.png","contentUrl":"https:\/\/mali.pe\/es\/wp-content\/uploads\/2025\/06\/MALI_Institucional_blanco_Web_566x365.png","width":566,"height":365,"caption":"MALI - Museo de Arte de Lima"},"image":{"@id":"https:\/\/mali.pe\/es\/#\/schema\/logo\/image\/"},"sameAs":["http:\/\/www.facebook.com\/museodeartedelima","https:\/\/x.com\/museodeartelima","https:\/\/www.youtube.com\/user\/museodeartelima","https:\/\/instagram.com\/museodeartelima\/"]}]}},"_links":{"self":[{"href":"https:\/\/mali.pe\/es\/wp-json\/wp\/v2\/etn\/45749","targetHints":{"allow":["GET"]}}],"collection":[{"href":"https:\/\/mali.pe\/es\/wp-json\/wp\/v2\/etn"}],"about":[{"href":"https:\/\/mali.pe\/es\/wp-json\/wp\/v2\/types\/etn"}],"author":[{"embeddable":true,"href":"https:\/\/mali.pe\/es\/wp-json\/wp\/v2\/users\/203"}],"up":[{"embeddable":true,"href":"https:\/\/mali.pe\/es\/wp-json\/wp\/v2\/etn\/45746"}],"wp:attachment":[{"href":"https:\/\/mali.pe\/es\/wp-json\/wp\/v2\/media?parent=45749"}],"wp:term":[{"taxonomy":"etn_category","embeddable":true,"href":"https:\/\/mali.pe\/es\/wp-json\/wp\/v2\/etn_category?post=45749"},{"taxonomy":"etn_tags","embeddable":true,"href":"https:\/\/mali.pe\/es\/wp-json\/wp\/v2\/etn_tags?post=45749"}],"curies":[{"name":"wp","href":"https:\/\/api.w.org\/{rel}","templated":true}]}}

Miércoles de Filmoteca 19/08

<p>Película: <i>Un mundo para Julius</i>, 2021 (104 min)</p>
<p>Dirección: Rossana Díaz Costa</p>
<p>La adaptación que Rossana Díaz Costa realizó, de la célebre novela de Alfredo Bryce Echenique, traslada al lenguaje cinematográfico, con admiración y respeto, una de las miradas infantiles más memorables de la literatura peruana. Desde los ojos de Julius, niño que crece en el privilegio sin comprender del todo las profundas desigualdades que lo rodean, la película construye un retrato íntimo del Perú de los años cincuenta y sesenta: la inocencia se convierte en una forma de cuestionar el orden social. Estrenada, mundialmente, en el Festival Internacional de Cine de San Diego, y reconocida en diversos certámenes internacionales, la obra fue elogiada por su atenta reconstrucción de época, y la sobriedad de su puesta en escena. El crítico mexicano Ernesto Diez Martínez la describió como “una adaptación inteligente y emotiva que conserva el espíritu de la novela sin renunciar a una voz cinematográfica propia”.</p>
<div class="gsp_post_data" data-post_type="etn" data-cat="" data-modified="120" data-title="Miércoles de Filmoteca 19/08" data-home="https://mali.pe/es"></div>

<p>Película: Un mundo para Julius, 2021 (104 min) Dirección: Rossana Díaz Costa La adaptación que Rossana Díaz Costa realizó, de la célebre novela de Alfredo Bryce Echenique, traslada al lenguaje cinematográfico, con admiración y respeto, una de las miradas infantiles más&#8230; <a class="direadmore" href="https://mali.pe/es/etn/miercoles-de-filmoteca-3/miercoles-de-filmoteca-5/"> Continue Reading&#8230;</a></p>

<!-- This site is optimized with the Yoast SEO plugin v25.4 - https://yoast.com/wordpress/plugins/seo/ -->
<title>Miércoles de Filmoteca 19/08 | MALI - Museo de Arte de Lima</title>
<meta name="robots" content="index, follow, max-snippet:-1, max-image-preview:large, max-video-preview:-1" />
<link rel="canonical" href="https://mali.pe/es/etn/miercoles-de-filmoteca-3/miercoles-de-filmoteca-5/" />
<meta property="og:locale" content="es_ES" />
<meta property="og:type" content="article" />
<meta property="og:title" content="Miércoles de Filmoteca 19/08 | MALI - Museo de Arte de Lima" />
<meta property="og:description" content="Película: Un mundo para Julius, 2021 (104 min) Dirección: Rossana Díaz Costa La adaptación que Rossana Díaz Costa realizó, de la célebre novela de Alfredo Bryce Echenique, traslada al lenguaje cinematográfico, con admiración y respeto, una de las miradas infantiles más... Continue Reading&#8230;" />
<meta property="og:url" content="https://mali.pe/es/etn/miercoles-de-filmoteca-3/miercoles-de-filmoteca-5/" />
<meta property="og:site_name" content="MALI - Museo de Arte de Lima" />
<meta property="article:publisher" content="http://www.facebook.com/museodeartedelima" />
<meta property="article:modified_time" content="2026-08-20T17:18:41+00:00" />
<meta property="og:image" content="https://mali.pe/es/wp-content/uploads/2021/10/logo-mali-2021-4.png" />
	<meta property="og:image:width" content="340" />
	<meta property="og:image:height" content="219" />
	<meta property="og:image:type" content="image/png" />
<meta name="twitter:card" content="summary_large_image" />
<meta name="twitter:site" content="@museodeartelima" />
<meta name="twitter:label1" content="Tiempo de lectura" />
	<meta name="twitter:data1" content="1 minuto" />
<script type="application/ld+json" class="yoast-schema-graph">{"@context":"https://schema.org","@graph":[{"@type":"WebPage","@id":"https://mali.pe/es/etn/miercoles-de-filmoteca-3/miercoles-de-filmoteca-5/","url":"https://mali.pe/es/etn/miercoles-de-filmoteca-3/miercoles-de-filmoteca-5/","name":"Miércoles de Filmoteca 19/08 | MALI - Museo de Arte de Lima","isPartOf":{"@id":"https://mali.pe/es/#website"},"datePublished":"2026-08-03T22:38:51+00:00","dateModified":"2026-08-20T17:18:41+00:00","breadcrumb":{"@id":"https://mali.pe/es/etn/miercoles-de-filmoteca-3/miercoles-de-filmoteca-5/#breadcrumb"},"inLanguage":"es","potentialAction":[{"@type":"ReadAction","target":["https://mali.pe/es/etn/miercoles-de-filmoteca-3/miercoles-de-filmoteca-5/"]}]},{"@type":"BreadcrumbList","@id":"https://mali.pe/es/etn/miercoles-de-filmoteca-3/miercoles-de-filmoteca-5/#breadcrumb","itemListElement":[{"@type":"ListItem","position":1,"name":"Portada","item":"https://mali.pe/es/"},{"@type":"ListItem","position":2,"name":"Events","item":"https://mali.pe/es/etn/"},{"@type":"ListItem","position":3,"name":"Miércoles de Filmoteca","item":"https://mali.pe/es/etn/miercoles-de-filmoteca-3/"},{"@type":"ListItem","position":4,"name":"Miércoles de Filmoteca 19/08"}]},{"@type":"WebSite","@id":"https://mali.pe/es/#website","url":"https://mali.pe/es/","name":"MALI - Museo de Arte de Lima","description":"Museo de Arte de Lima","publisher":{"@id":"https://mali.pe/es/#organization"},"potentialAction":[{"@type":"SearchAction","target":{"@type":"EntryPoint","urlTemplate":"https://mali.pe/es/?s={search_term_string}"},"query-input":{"@type":"PropertyValueSpecification","valueRequired":true,"valueName":"search_term_string"}}],"inLanguage":"es"},{"@type":"Organization","@id":"https://mali.pe/es/#organization","name":"MALI - Museo de Arte de Lima","url":"https://mali.pe/es/","logo":{"@type":"ImageObject","inLanguage":"es","@id":"https://mali.pe/es/#/schema/logo/image/","url":"https://mali.pe/es/wp-content/uploads/2025/06/MALI_Institucional_blanco_Web_566x365.png","contentUrl":"https://mali.pe/es/wp-content/uploads/2025/06/MALI_Institucional_blanco_Web_566x365.png","width":566,"height":365,"caption":"MALI - Museo de Arte de Lima"},"image":{"@id":"https://mali.pe/es/#/schema/logo/image/"},"sameAs":["http://www.facebook.com/museodeartedelima","https://x.com/museodeartelima","https://www.youtube.com/user/museodeartelima","https://instagram.com/museodeartelima/"]}]}</script>
<!-- / Yoast SEO plugin. -->

Miércoles de Filmoteca 19/08 | MALI - Museo de Arte de Lima

Película: Un mundo para Julius, 2021 (104 min) Dirección: Rossana Díaz Costa La adaptación que Rossana Díaz Costa realizó, de la célebre novela de Alfredo Bryce Echenique, traslada al lenguaje cinematográfico, con admiración y respeto, una de las miradas infantiles más... Continue Reading&#8230;

Miércoles de Filmoteca
