{"id":45748,"date":"2026-08-03T17:38:51","date_gmt":"2026-08-03T22:38:51","guid":{"rendered":"https:\/\/mali.pe\/es\/?post_type=etn&#038;p=45748"},"modified":"2026-08-03T18:23:27","modified_gmt":"2026-08-03T23:23:27","slug":"miercoles-de-filmoteca-2","status":"publish","type":"etn","link":"https:\/\/mali.pe\/es\/etn\/miercoles-de-filmoteca-3\/miercoles-de-filmoteca-2\/","title":{"rendered":"Mi\u00e9rcoles de Filmoteca 12\/08"},"content":{"rendered":"<p><b>Pel\u00edcula:\u00a0<\/b><b><i>Paloma de papel<\/i><\/b><b>, 2003 (90 min)<\/b><\/p>\n<p><b>Direcci\u00f3n: Fabrizio Aguilar<\/b><\/p>\n<p>La proyecci\u00f3n de\u00a0<b><i>Paloma de papel<\/i><\/b>\u00a0constituye una oportunidad excepcional para redescubrir una de las pel\u00edculas peruanas m\u00e1s elogiadas de comienzos del siglo XXI, en una copia restaurada, que recupera la calidad de su estreno, presentada en el marco del Festival de Cine de Lima. Ambientada durante los a\u00f1os m\u00e1s violentos del conflicto armado interno, la\u00a0<i>\u00f3pera prima<\/i>\u00a0de Fabrizio Aguilar explora la infancia como un territorio donde la inocencia se enfrenta a la violencia y la p\u00e9rdida. Lejos del espect\u00e1culo b\u00e9lico, el director privilegia una mirada profundamente humana sobre quienes fueron las principales v\u00edctimas del enfrentamiento. La pel\u00edcula conquist\u00f3 al p\u00fablico, y contribuy\u00f3 a renovar el inter\u00e9s por abordar este periodo desde la ficci\u00f3n. En palabras del cr\u00edtico Federico de C\u00e1rdenas: \u201cuna visi\u00f3n que apuesta por una comunicaci\u00f3n situada en el plano de los sentimientos y afectos\u2026 en un plano m\u00e1s intuitivo que conceptualizado\u201d.<\/p>\n<div class=\"gsp_post_data\" data-post_type=\"etn\" data-cat=\"\" data-modified=\"120\" data-title=\"Mi\u00e9rcoles de Filmoteca 12\/08\" data-home=\"https:\/\/mali.pe\/es\"><\/div>","protected":false},"excerpt":{"rendered":"<p>Pel\u00edcula:\u00a0Paloma de papel, 2003 (90 min) Direcci\u00f3n: Fabrizio Aguilar La proyecci\u00f3n de\u00a0Paloma de papel\u00a0constituye una oportunidad excepcional para redescubrir una de las pel\u00edculas peruanas m\u00e1s elogiadas de comienzos del siglo XXI, en una copia restaurada, que recupera la calidad de&#8230; <a class=\"direadmore\" href=\"https:\/\/mali.pe\/es\/etn\/miercoles-de-filmoteca-3\/miercoles-de-filmoteca-2\/\"> Continue Reading&#8230;<\/a><\/p>\n","protected":false},"author":203,"featured_media":0,"parent":45746,"template":"","etn_category":[],"etn_tags":[],"class_list":["post-45748","etn","type-etn","status-publish","hentry"],"acf":[],"yoast_head":"<!-- This site is optimized with the Yoast SEO plugin v25.4 - https:\/\/yoast.com\/wordpress\/plugins\/seo\/ -->\n<title>Mi\u00e9rcoles de Filmoteca 12\/08 | MALI - Museo de Arte de Lima<\/title>\n<meta name=\"robots\" content=\"index, follow, max-snippet:-1, max-image-preview:large, max-video-preview:-1\" \/>\n<link rel=\"canonical\" href=\"https:\/\/mali.pe\/es\/etn\/miercoles-de-filmoteca-3\/miercoles-de-filmoteca-2\/\" \/>\n<meta property=\"og:locale\" content=\"es_ES\" \/>\n<meta property=\"og:type\" content=\"article\" \/>\n<meta property=\"og:title\" content=\"Mi\u00e9rcoles de Filmoteca 12\/08 | MALI - Museo de Arte de Lima\" \/>\n<meta property=\"og:description\" content=\"Pel\u00edcula:\u00a0Paloma de papel, 2003 (90 min) Direcci\u00f3n: Fabrizio Aguilar La proyecci\u00f3n de\u00a0Paloma de papel\u00a0constituye una oportunidad excepcional para redescubrir una de las pel\u00edculas peruanas m\u00e1s elogiadas de comienzos del siglo XXI, en una copia restaurada, que recupera la calidad de... Continue Reading&#8230;\" \/>\n<meta property=\"og:url\" content=\"https:\/\/mali.pe\/es\/etn\/miercoles-de-filmoteca-3\/miercoles-de-filmoteca-2\/\" \/>\n<meta property=\"og:site_name\" content=\"MALI - Museo de Arte de Lima\" \/>\n<meta property=\"article:publisher\" content=\"http:\/\/www.facebook.com\/museodeartedelima\" \/>\n<meta property=\"article:modified_time\" content=\"2026-08-03T23:23:27+00:00\" \/>\n<meta property=\"og:image\" content=\"https:\/\/mali.pe\/es\/wp-content\/uploads\/2021\/10\/logo-mali-2021-4.png\" \/>\n\t<meta property=\"og:image:width\" content=\"340\" \/>\n\t<meta property=\"og:image:height\" content=\"219\" \/>\n\t<meta property=\"og:image:type\" content=\"image\/png\" \/>\n<meta name=\"twitter:card\" content=\"summary_large_image\" \/>\n<meta name=\"twitter:site\" content=\"@museodeartelima\" \/>\n<meta name=\"twitter:label1\" content=\"Tiempo de lectura\" \/>\n\t<meta name=\"twitter:data1\" content=\"1 minuto\" \/>\n<script type=\"application\/ld+json\" class=\"yoast-schema-graph\">{\"@context\":\"https:\/\/schema.org\",\"@graph\":[{\"@type\":\"WebPage\",\"@id\":\"https:\/\/mali.pe\/es\/etn\/miercoles-de-filmoteca-3\/miercoles-de-filmoteca-2\/\",\"url\":\"https:\/\/mali.pe\/es\/etn\/miercoles-de-filmoteca-3\/miercoles-de-filmoteca-2\/\",\"name\":\"Mi\u00e9rcoles de Filmoteca 12\/08 | MALI - Museo de Arte de Lima\",\"isPartOf\":{\"@id\":\"https:\/\/mali.pe\/es\/#website\"},\"datePublished\":\"2026-08-03T22:38:51+00:00\",\"dateModified\":\"2026-08-03T23:23:27+00:00\",\"breadcrumb\":{\"@id\":\"https:\/\/mali.pe\/es\/etn\/miercoles-de-filmoteca-3\/miercoles-de-filmoteca-2\/#breadcrumb\"},\"inLanguage\":\"es\",\"potentialAction\":[{\"@type\":\"ReadAction\",\"target\":[\"https:\/\/mali.pe\/es\/etn\/miercoles-de-filmoteca-3\/miercoles-de-filmoteca-2\/\"]}]},{\"@type\":\"BreadcrumbList\",\"@id\":\"https:\/\/mali.pe\/es\/etn\/miercoles-de-filmoteca-3\/miercoles-de-filmoteca-2\/#breadcrumb\",\"itemListElement\":[{\"@type\":\"ListItem\",\"position\":1,\"name\":\"Portada\",\"item\":\"https:\/\/mali.pe\/es\/\"},{\"@type\":\"ListItem\",\"position\":2,\"name\":\"Events\",\"item\":\"https:\/\/mali.pe\/es\/etn\/\"},{\"@type\":\"ListItem\",\"position\":3,\"name\":\"Mi\u00e9rcoles de Filmoteca\",\"item\":\"https:\/\/mali.pe\/es\/etn\/miercoles-de-filmoteca-3\/\"},{\"@type\":\"ListItem\",\"position\":4,\"name\":\"Mi\u00e9rcoles de Filmoteca 12\/08\"}]},{\"@type\":\"WebSite\",\"@id\":\"https:\/\/mali.pe\/es\/#website\",\"url\":\"https:\/\/mali.pe\/es\/\",\"name\":\"MALI - Museo de Arte de Lima\",\"description\":\"Museo de Arte de Lima\",\"publisher\":{\"@id\":\"https:\/\/mali.pe\/es\/#organization\"},\"potentialAction\":[{\"@type\":\"SearchAction\",\"target\":{\"@type\":\"EntryPoint\",\"urlTemplate\":\"https:\/\/mali.pe\/es\/?s={search_term_string}\"},\"query-input\":{\"@type\":\"PropertyValueSpecification\",\"valueRequired\":true,\"valueName\":\"search_term_string\"}}],\"inLanguage\":\"es\"},{\"@type\":\"Organization\",\"@id\":\"https:\/\/mali.pe\/es\/#organization\",\"name\":\"MALI - Museo de Arte de Lima\",\"url\":\"https:\/\/mali.pe\/es\/\",\"logo\":{\"@type\":\"ImageObject\",\"inLanguage\":\"es\",\"@id\":\"https:\/\/mali.pe\/es\/#\/schema\/logo\/image\/\",\"url\":\"https:\/\/mali.pe\/es\/wp-content\/uploads\/2025\/06\/MALI_Institucional_blanco_Web_566x365.png\",\"contentUrl\":\"https:\/\/mali.pe\/es\/wp-content\/uploads\/2025\/06\/MALI_Institucional_blanco_Web_566x365.png\",\"width\":566,\"height\":365,\"caption\":\"MALI - Museo de Arte de Lima\"},\"image\":{\"@id\":\"https:\/\/mali.pe\/es\/#\/schema\/logo\/image\/\"},\"sameAs\":[\"http:\/\/www.facebook.com\/museodeartedelima\",\"https:\/\/x.com\/museodeartelima\",\"https:\/\/www.youtube.com\/user\/museodeartelima\",\"https:\/\/instagram.com\/museodeartelima\/\"]}]}<\/script>\n<!-- \/ Yoast SEO plugin. -->","yoast_head_json":{"title":"Mi\u00e9rcoles de Filmoteca 12\/08 | MALI - Museo de Arte de Lima","robots":{"index":"index","follow":"follow","max-snippet":"max-snippet:-1","max-image-preview":"max-image-preview:large","max-video-preview":"max-video-preview:-1"},"canonical":"https:\/\/mali.pe\/es\/etn\/miercoles-de-filmoteca-3\/miercoles-de-filmoteca-2\/","og_locale":"es_ES","og_type":"article","og_title":"Mi\u00e9rcoles de Filmoteca 12\/08 | MALI - Museo de Arte de Lima","og_description":"Pel\u00edcula:\u00a0Paloma de papel, 2003 (90 min) Direcci\u00f3n: Fabrizio Aguilar La proyecci\u00f3n de\u00a0Paloma de papel\u00a0constituye una oportunidad excepcional para redescubrir una de las pel\u00edculas peruanas m\u00e1s elogiadas de comienzos del siglo XXI, en una copia restaurada, que recupera la calidad de... Continue Reading&#8230;","og_url":"https:\/\/mali.pe\/es\/etn\/miercoles-de-filmoteca-3\/miercoles-de-filmoteca-2\/","og_site_name":"MALI - Museo de Arte de Lima","article_publisher":"http:\/\/www.facebook.com\/museodeartedelima","article_modified_time":"2026-08-03T23:23:27+00:00","og_image":[{"width":340,"height":219,"url":"https:\/\/mali.pe\/es\/wp-content\/uploads\/2021\/10\/logo-mali-2021-4.png","type":"image\/png"}],"twitter_card":"summary_large_image","twitter_site":"@museodeartelima","twitter_misc":{"Tiempo de lectura":"1 minuto"},"schema":{"@context":"https:\/\/schema.org","@graph":[{"@type":"WebPage","@id":"https:\/\/mali.pe\/es\/etn\/miercoles-de-filmoteca-3\/miercoles-de-filmoteca-2\/","url":"https:\/\/mali.pe\/es\/etn\/miercoles-de-filmoteca-3\/miercoles-de-filmoteca-2\/","name":"Mi\u00e9rcoles de Filmoteca 12\/08 | MALI - Museo de Arte de Lima","isPartOf":{"@id":"https:\/\/mali.pe\/es\/#website"},"datePublished":"2026-08-03T22:38:51+00:00","dateModified":"2026-08-03T23:23:27+00:00","breadcrumb":{"@id":"https:\/\/mali.pe\/es\/etn\/miercoles-de-filmoteca-3\/miercoles-de-filmoteca-2\/#breadcrumb"},"inLanguage":"es","potentialAction":[{"@type":"ReadAction","target":["https:\/\/mali.pe\/es\/etn\/miercoles-de-filmoteca-3\/miercoles-de-filmoteca-2\/"]}]},{"@type":"BreadcrumbList","@id":"https:\/\/mali.pe\/es\/etn\/miercoles-de-filmoteca-3\/miercoles-de-filmoteca-2\/#breadcrumb","itemListElement":[{"@type":"ListItem","position":1,"name":"Portada","item":"https:\/\/mali.pe\/es\/"},{"@type":"ListItem","position":2,"name":"Events","item":"https:\/\/mali.pe\/es\/etn\/"},{"@type":"ListItem","position":3,"name":"Mi\u00e9rcoles de Filmoteca","item":"https:\/\/mali.pe\/es\/etn\/miercoles-de-filmoteca-3\/"},{"@type":"ListItem","position":4,"name":"Mi\u00e9rcoles de Filmoteca 12\/08"}]},{"@type":"WebSite","@id":"https:\/\/mali.pe\/es\/#website","url":"https:\/\/mali.pe\/es\/","name":"MALI - Museo de Arte de Lima","description":"Museo de Arte de Lima","publisher":{"@id":"https:\/\/mali.pe\/es\/#organization"},"potentialAction":[{"@type":"SearchAction","target":{"@type":"EntryPoint","urlTemplate":"https:\/\/mali.pe\/es\/?s={search_term_string}"},"query-input":{"@type":"PropertyValueSpecification","valueRequired":true,"valueName":"search_term_string"}}],"inLanguage":"es"},{"@type":"Organization","@id":"https:\/\/mali.pe\/es\/#organization","name":"MALI - Museo de Arte de Lima","url":"https:\/\/mali.pe\/es\/","logo":{"@type":"ImageObject","inLanguage":"es","@id":"https:\/\/mali.pe\/es\/#\/schema\/logo\/image\/","url":"https:\/\/mali.pe\/es\/wp-content\/uploads\/2025\/06\/MALI_Institucional_blanco_Web_566x365.png","contentUrl":"https:\/\/mali.pe\/es\/wp-content\/uploads\/2025\/06\/MALI_Institucional_blanco_Web_566x365.png","width":566,"height":365,"caption":"MALI - Museo de Arte de Lima"},"image":{"@id":"https:\/\/mali.pe\/es\/#\/schema\/logo\/image\/"},"sameAs":["http:\/\/www.facebook.com\/museodeartedelima","https:\/\/x.com\/museodeartelima","https:\/\/www.youtube.com\/user\/museodeartelima","https:\/\/instagram.com\/museodeartelima\/"]}]}},"_links":{"self":[{"href":"https:\/\/mali.pe\/es\/wp-json\/wp\/v2\/etn\/45748","targetHints":{"allow":["GET"]}}],"collection":[{"href":"https:\/\/mali.pe\/es\/wp-json\/wp\/v2\/etn"}],"about":[{"href":"https:\/\/mali.pe\/es\/wp-json\/wp\/v2\/types\/etn"}],"author":[{"embeddable":true,"href":"https:\/\/mali.pe\/es\/wp-json\/wp\/v2\/users\/203"}],"up":[{"embeddable":true,"href":"https:\/\/mali.pe\/es\/wp-json\/wp\/v2\/etn\/45746"}],"wp:attachment":[{"href":"https:\/\/mali.pe\/es\/wp-json\/wp\/v2\/media?parent=45748"}],"wp:term":[{"taxonomy":"etn_category","embeddable":true,"href":"https:\/\/mali.pe\/es\/wp-json\/wp\/v2\/etn_category?post=45748"},{"taxonomy":"etn_tags","embeddable":true,"href":"https:\/\/mali.pe\/es\/wp-json\/wp\/v2\/etn_tags?post=45748"}],"curies":[{"name":"wp","href":"https:\/\/api.w.org\/{rel}","templated":true}]}}

Miércoles de Filmoteca 12/08

<p><b>Película: </b><b><i>Paloma de papel</i></b><b>, 2003 (90 min)</b></p>
<p><b>Dirección: Fabrizio Aguilar</b></p>
<p>La proyección de <b><i>Paloma de papel</i></b> constituye una oportunidad excepcional para redescubrir una de las películas peruanas más elogiadas de comienzos del siglo XXI, en una copia restaurada, que recupera la calidad de su estreno, presentada en el marco del Festival de Cine de Lima. Ambientada durante los años más violentos del conflicto armado interno, la <i>ópera prima</i> de Fabrizio Aguilar explora la infancia como un territorio donde la inocencia se enfrenta a la violencia y la pérdida. Lejos del espectáculo bélico, el director privilegia una mirada profundamente humana sobre quienes fueron las principales víctimas del enfrentamiento. La película conquistó al público, y contribuyó a renovar el interés por abordar este periodo desde la ficción. En palabras del crítico Federico de Cárdenas: “una visión que apuesta por una comunicación situada en el plano de los sentimientos y afectos… en un plano más intuitivo que conceptualizado”.</p>
<div class="gsp_post_data" data-post_type="etn" data-cat="" data-modified="120" data-title="Miércoles de Filmoteca 12/08" data-home="https://mali.pe/es"></div>

<p>Película: Paloma de papel, 2003 (90 min) Dirección: Fabrizio Aguilar La proyección de Paloma de papel constituye una oportunidad excepcional para redescubrir una de las películas peruanas más elogiadas de comienzos del siglo XXI, en una copia restaurada, que recupera la calidad de&#8230; <a class="direadmore" href="https://mali.pe/es/etn/miercoles-de-filmoteca-3/miercoles-de-filmoteca-2/"> Continue Reading&#8230;</a></p>

<!-- This site is optimized with the Yoast SEO plugin v25.4 - https://yoast.com/wordpress/plugins/seo/ -->
<title>Miércoles de Filmoteca 12/08 | MALI - Museo de Arte de Lima</title>
<meta name="robots" content="index, follow, max-snippet:-1, max-image-preview:large, max-video-preview:-1" />
<link rel="canonical" href="https://mali.pe/es/etn/miercoles-de-filmoteca-3/miercoles-de-filmoteca-2/" />
<meta property="og:locale" content="es_ES" />
<meta property="og:type" content="article" />
<meta property="og:title" content="Miércoles de Filmoteca 12/08 | MALI - Museo de Arte de Lima" />
<meta property="og:description" content="Película: Paloma de papel, 2003 (90 min) Dirección: Fabrizio Aguilar La proyección de Paloma de papel constituye una oportunidad excepcional para redescubrir una de las películas peruanas más elogiadas de comienzos del siglo XXI, en una copia restaurada, que recupera la calidad de... Continue Reading&#8230;" />
<meta property="og:url" content="https://mali.pe/es/etn/miercoles-de-filmoteca-3/miercoles-de-filmoteca-2/" />
<meta property="og:site_name" content="MALI - Museo de Arte de Lima" />
<meta property="article:publisher" content="http://www.facebook.com/museodeartedelima" />
<meta property="article:modified_time" content="2026-08-03T23:23:27+00:00" />
<meta property="og:image" content="https://mali.pe/es/wp-content/uploads/2021/10/logo-mali-2021-4.png" />
	<meta property="og:image:width" content="340" />
	<meta property="og:image:height" content="219" />
	<meta property="og:image:type" content="image/png" />
<meta name="twitter:card" content="summary_large_image" />
<meta name="twitter:site" content="@museodeartelima" />
<meta name="twitter:label1" content="Tiempo de lectura" />
	<meta name="twitter:data1" content="1 minuto" />
<script type="application/ld+json" class="yoast-schema-graph">{"@context":"https://schema.org","@graph":[{"@type":"WebPage","@id":"https://mali.pe/es/etn/miercoles-de-filmoteca-3/miercoles-de-filmoteca-2/","url":"https://mali.pe/es/etn/miercoles-de-filmoteca-3/miercoles-de-filmoteca-2/","name":"Miércoles de Filmoteca 12/08 | MALI - Museo de Arte de Lima","isPartOf":{"@id":"https://mali.pe/es/#website"},"datePublished":"2026-08-03T22:38:51+00:00","dateModified":"2026-08-03T23:23:27+00:00","breadcrumb":{"@id":"https://mali.pe/es/etn/miercoles-de-filmoteca-3/miercoles-de-filmoteca-2/#breadcrumb"},"inLanguage":"es","potentialAction":[{"@type":"ReadAction","target":["https://mali.pe/es/etn/miercoles-de-filmoteca-3/miercoles-de-filmoteca-2/"]}]},{"@type":"BreadcrumbList","@id":"https://mali.pe/es/etn/miercoles-de-filmoteca-3/miercoles-de-filmoteca-2/#breadcrumb","itemListElement":[{"@type":"ListItem","position":1,"name":"Portada","item":"https://mali.pe/es/"},{"@type":"ListItem","position":2,"name":"Events","item":"https://mali.pe/es/etn/"},{"@type":"ListItem","position":3,"name":"Miércoles de Filmoteca","item":"https://mali.pe/es/etn/miercoles-de-filmoteca-3/"},{"@type":"ListItem","position":4,"name":"Miércoles de Filmoteca 12/08"}]},{"@type":"WebSite","@id":"https://mali.pe/es/#website","url":"https://mali.pe/es/","name":"MALI - Museo de Arte de Lima","description":"Museo de Arte de Lima","publisher":{"@id":"https://mali.pe/es/#organization"},"potentialAction":[{"@type":"SearchAction","target":{"@type":"EntryPoint","urlTemplate":"https://mali.pe/es/?s={search_term_string}"},"query-input":{"@type":"PropertyValueSpecification","valueRequired":true,"valueName":"search_term_string"}}],"inLanguage":"es"},{"@type":"Organization","@id":"https://mali.pe/es/#organization","name":"MALI - Museo de Arte de Lima","url":"https://mali.pe/es/","logo":{"@type":"ImageObject","inLanguage":"es","@id":"https://mali.pe/es/#/schema/logo/image/","url":"https://mali.pe/es/wp-content/uploads/2025/06/MALI_Institucional_blanco_Web_566x365.png","contentUrl":"https://mali.pe/es/wp-content/uploads/2025/06/MALI_Institucional_blanco_Web_566x365.png","width":566,"height":365,"caption":"MALI - Museo de Arte de Lima"},"image":{"@id":"https://mali.pe/es/#/schema/logo/image/"},"sameAs":["http://www.facebook.com/museodeartedelima","https://x.com/museodeartelima","https://www.youtube.com/user/museodeartelima","https://instagram.com/museodeartelima/"]}]}</script>
<!-- / Yoast SEO plugin. -->

Miércoles de Filmoteca 12/08 | MALI - Museo de Arte de Lima

Película: Paloma de papel, 2003 (90 min) Dirección: Fabrizio Aguilar La proyección de Paloma de papel constituye una oportunidad excepcional para redescubrir una de las películas peruanas más elogiadas de comienzos del siglo XXI, en una copia restaurada, que recupera la calidad de... Continue Reading&#8230;

Miércoles de Filmoteca
